{"id":110,"date":"2023-12-18T18:33:40","date_gmt":"2023-12-18T17:33:40","guid":{"rendered":"https:\/\/informatik.slotshaven.it\/wordpress\/?page_id=110"},"modified":"2023-12-18T21:16:14","modified_gmt":"2023-12-18T20:16:14","slug":"upload-af-filer-til-en-webserver","status":"publish","type":"page","link":"https:\/\/informatik.slotshaven.it\/wordpress\/upload-af-filer-til-en-webserver\/","title":{"rendered":"Upload af filer til en webserver"},"content":{"rendered":"\n<p>18. december 2023 Af <a href=\"https:\/\/digitalteknik.it.slotshaven.dk\/?author=3\">Erik Lund<\/a><\/p>\n\n\n\n<p>Her p\u00e5 skolen har hver elev en webserver. Serverens URL er i reglen noget i stil med <strong><mark style=\"background-color:rgba(0, 0, 0, 0);color:#1f7e51\" class=\"has-inline-color\">y20<em>-elevnavn<\/em>.slotshaven.it<\/mark><\/strong>, hvor y er klasse-betegnelsen og 20 er det \u00e5r man er begyndt p\u00e5 Slottet eller OG. <\/p>\n\n\n\n<p>For at l\u00e6gge filer op p\u00e5 serveren, s\u00e5 de kan ses af andre gennem en browser \u2013 enten direkte eller indlejret i en WordPress-side \u2013 skal man have dem overf\u00f8rt fra sin egen computer til serveren. Det sker ved hj\u00e6lp af <strong>SFTP-protokollen (Secure File Transfer Protocol)<\/strong>, og man bruger en s\u00e5kaldt <strong>FTP-klient <\/strong>til at g\u00f8re det med. Vi foresl\u00e5r at du bruger <strong>Cyberduck <\/strong>&#8211; se herunder.<\/p>\n\n\n\n<div class=\"lightweight-accordion\"><details><summary class=\"lightweight-accordion-title\"><span>Upload - Den korte version<\/span><\/summary><div class=\"lightweight-accordion-body\"><p><!--wp:paragraph--><\/p>\n<p>N\u00e5r man s\u00e5 skal logge p\u00e5 serveren for at l\u00e6gge filer op, skal man for det f\u00f8rste bruge hoveddom\u00e6nets SFTP-server, som blot hedder <strong><em><mark style=\"background-color:rgba(0, 0, 0, 0);color:#1f7e51\" class=\"has-inline-color\">a.slotshaven.it<\/mark><\/em><\/strong> . Derp\u00e5 skal man v\u00e6lge port 2222 ude i h\u00f8jre side (standard er port 22, men den <strong>skal<\/strong> rettes her), og s\u00e5 skal man angive brugernavn og password. Brugernavnet er det samme som server- URL, og man har f\u00e5et b\u00e5de URL og password i en Lectio-besked fra sin informatikl\u00e6rer (og ellers kan man skrive til Erik Lund, ERL, og f\u00e5 det igen). <\/p>\n<\/div><\/details><\/div><!-- \/wp:post-content --><\/p>\n<p><!-- wp:heading --><\/p>\n<p><!-- \/wp:heading --><\/p>\n<p><!-- wp:paragraph --><\/p>\n<p><!-- \/wp:paragraph --><\/p>\n<p><!-- wp:paragraph --><\/p>\n<p><!-- \/wp:paragraph --><\/p>\n<p><!-- wp:paragraph --><\/p>\n<p>Men vi tager lige det hele forfra:<\/p>\n<p><!-- \/wp:paragraph --><\/p>\n<p><!-- wp:heading --><\/p>\n<h2 class=\"wp-block-heading\">Cyberduck FTP klienten<\/h2>\n<p><!-- \/wp:heading --><\/p>\n<p><!-- wp:image {\"align\":\"right\",\"id\":609,\"sizeSlug\":\"large\",\"linkDestination\":\"none\",\"className\":\"is-resized\"} --><\/p>\n<figure class=\"wp-block-image alignright size-large is-resized\"><img loading=\"lazy\" decoding=\"async\" width=\"1024\" height=\"340\" class=\"wp-image-609\" src=\"https:\/\/informatik.slotshaven.it\/wordpress\/wp-content\/uploads\/2022\/11\/FTP_Cyberduck-1024x340.png\" alt=\"Cyberduck pr\u00e6sentation\" srcset=\"https:\/\/informatik.slotshaven.it\/wordpress\/wp-content\/uploads\/2022\/11\/FTP_Cyberduck-1024x340.png 1024w, https:\/\/informatik.slotshaven.it\/wordpress\/wp-content\/uploads\/2022\/11\/FTP_Cyberduck-300x100.png 300w, https:\/\/informatik.slotshaven.it\/wordpress\/wp-content\/uploads\/2022\/11\/FTP_Cyberduck-768x255.png 768w, https:\/\/informatik.slotshaven.it\/wordpress\/wp-content\/uploads\/2022\/11\/FTP_Cyberduck.png 1293w\" sizes=\"auto, (max-width: 1024px) 100vw, 1024px\" \/><\/figure>\n<p><!-- \/wp:image --><\/p>\n<p><!-- wp:paragraph --><\/p>\n<p>Der findes mange forskellige, men her vil jeg vise hvordan det foreg\u00e5r med programmet <strong>Cyberduck<\/strong>, der er gratis og Open Source. Programmet downloades fra<\/p>\n<p><!-- \/wp:paragraph --><\/p>\n<p><!-- wp:paragraph --><\/p>\n<p><a href=\"https:\/\/cyberduck.io\/download\">https:\/\/cyberduck.io\/download<\/a><\/p>\n<p><!-- \/wp:paragraph --><\/p>\n<p><!-- wp:paragraph --><\/p>\n<p>Eksemplerne er fra en Windows-computer, men forskellene til Mac er ikke store.<\/p>\n<p><!-- \/wp:paragraph --><\/p>\n<p><!-- wp:media-text {\"mediaId\":610,\"mediaLink\":\"https:\/\/informatik.slotshaven.it\/wordpress\/ftp1\/\",\"mediaType\":\"image\",\"mediaWidth\":54} --><\/p>\n<div class=\"wp-block-media-text is-stacked-on-mobile\" style=\"grid-template-columns: 54% auto;\">\n<figure class=\"wp-block-media-text__media\"><img loading=\"lazy\" decoding=\"async\" width=\"496\" height=\"215\" class=\"wp-image-610 size-full\" src=\"https:\/\/informatik.slotshaven.it\/wordpress\/wp-content\/uploads\/2022\/11\/FTP1.png\" alt=\"\" srcset=\"https:\/\/informatik.slotshaven.it\/wordpress\/wp-content\/uploads\/2022\/11\/FTP1.png 496w, https:\/\/informatik.slotshaven.it\/wordpress\/wp-content\/uploads\/2022\/11\/FTP1-300x130.png 300w\" sizes=\"auto, (max-width: 496px) 100vw, 496px\" \/><\/figure>\n<div class=\"wp-block-media-text__content\"><!-- wp:paragraph {\"placeholder\":\"Indhold...\",\"style\":{\"typography\":{\"fontSize\":\"14px\"}}} -->\n<p style=\"font-size: 14px;\">N\u00e5r programmet \u00e5bnes, ser det s\u00e5ledes ud. Hvis vinduet er lidt st\u00f8rre, er der en r\u00f8d \u201clokkedue\u201d oppe til h\u00f8jre, der beder en om at skaffe en \u201cRegistration Key&#8221;, <strong>men det er ikke n\u00f8dvendigt, spring det bare over<\/strong>.<\/p>\n<p><!-- \/wp:paragraph --><\/p>\n<\/div>\n<\/div>\n<p><!-- \/wp:media-text --><\/p>\n<p><!-- wp:image {\"id\":611,\"sizeSlug\":\"full\",\"linkDestination\":\"none\"} --><\/p>\n<figure class=\"wp-block-image size-full\"><img loading=\"lazy\" decoding=\"async\" width=\"1008\" height=\"680\" class=\"wp-image-611\" src=\"https:\/\/informatik.slotshaven.it\/wordpress\/wp-content\/uploads\/2022\/11\/FTP2.png\" alt=\"\" srcset=\"https:\/\/informatik.slotshaven.it\/wordpress\/wp-content\/uploads\/2022\/11\/FTP2.png 1008w, https:\/\/informatik.slotshaven.it\/wordpress\/wp-content\/uploads\/2022\/11\/FTP2-300x202.png 300w, https:\/\/informatik.slotshaven.it\/wordpress\/wp-content\/uploads\/2022\/11\/FTP2-768x518.png 768w\" sizes=\"auto, (max-width: 1008px) 100vw, 1008px\" \/><\/figure>\n<p><!-- \/wp:image --><\/p>\n<p><!-- wp:paragraph --><\/p>\n<p>Man klikker nu p\u00e5 \u201cNy forbindelse\u201d (eller \u201cNew Connection\u201d, hvis man har hentet\/valgt en engelsksproget udgave), og skal s\u00e5 indtaste dels adressen p\u00e5 serveren (alts\u00e5 SFTP-serveren, se ovenfor), dels et brugernavn og en adgangskode (password). Dem har man som sagt p\u00e5 en <strong>Lectio-besked<\/strong> (s\u00f8g i \u201cEgne beskeder\u201d, og s\u00f8g efter \u201cWebsted\u201d, \u201cWebserver detaljer\u201d eller s\u00e5dan noget. Den er der, ogs\u00e5 selv om det er flere \u00e5r siden du fik den). Brugernavnet er, som sagt, identisk med serverens URL.<\/p>\n<p><!-- \/wp:paragraph --><\/p>\n<p><!-- wp:image {\"id\":782,\"sizeSlug\":\"full\",\"linkDestination\":\"none\"} --><\/p>\n<figure class=\"wp-block-image size-full\"><img loading=\"lazy\" decoding=\"async\" width=\"1214\" height=\"683\" class=\"wp-image-782\" src=\"https:\/\/informatik.slotshaven.it\/wordpress\/wp-content\/uploads\/2023\/12\/SFTP1.png\" alt=\"\" srcset=\"https:\/\/informatik.slotshaven.it\/wordpress\/wp-content\/uploads\/2023\/12\/SFTP1.png 1214w, https:\/\/informatik.slotshaven.it\/wordpress\/wp-content\/uploads\/2023\/12\/SFTP1-300x169.png 300w, https:\/\/informatik.slotshaven.it\/wordpress\/wp-content\/uploads\/2023\/12\/SFTP1-1024x576.png 1024w, https:\/\/informatik.slotshaven.it\/wordpress\/wp-content\/uploads\/2023\/12\/SFTP1-768x432.png 768w\" sizes=\"auto, (max-width: 1214px) 100vw, 1214px\" \/><\/figure>\n<p><!-- \/wp:image --><\/p>\n<p><!-- wp:image {\"id\":783,\"sizeSlug\":\"full\",\"linkDestination\":\"none\",\"className\":\"is-resized\"} --><\/p>\n<figure class=\"wp-block-image size-full is-resized\"><img loading=\"lazy\" decoding=\"async\" width=\"1213\" height=\"686\" class=\"wp-image-783\" src=\"https:\/\/informatik.slotshaven.it\/wordpress\/wp-content\/uploads\/2023\/12\/SFTP2a.png\" alt=\"\" srcset=\"https:\/\/informatik.slotshaven.it\/wordpress\/wp-content\/uploads\/2023\/12\/SFTP2a.png 1213w, https:\/\/informatik.slotshaven.it\/wordpress\/wp-content\/uploads\/2023\/12\/SFTP2a-300x170.png 300w, https:\/\/informatik.slotshaven.it\/wordpress\/wp-content\/uploads\/2023\/12\/SFTP2a-1024x579.png 1024w, https:\/\/informatik.slotshaven.it\/wordpress\/wp-content\/uploads\/2023\/12\/SFTP2a-768x434.png 768w\" sizes=\"auto, (max-width: 1213px) 100vw, 1213px\" \/><\/figure>\n<p><!-- \/wp:image --><\/p>\n<p><!-- wp:paragraph --><\/p>\n<p>Efterh\u00e5nden som man skriver kan man se i linjen \u201cHenvisning\u201d, hvordan FTP-kaldet bygges op. N\u00e5r man er f\u00e6rdig, skal man lige tjekke at der stadig st\u00e5r \u201cSFTP\u201d i den \u00f8verste linje og \u201cPort 2222\u201d til h\u00f8jre. S\u00e6t ogs\u00e5 et hak forneden til venstre, s\u00e5 programmet husker dine oplysninger til n\u00e6ste gang, f\u00f8r du trykker \u201cTilslut\u201d (\u201cConnect\u201d).<\/p>\n<p><!-- \/wp:paragraph --><\/p>\n<p><!-- wp:image {\"id\":784,\"sizeSlug\":\"full\",\"linkDestination\":\"none\",\"className\":\"is-resized\"} --><\/p>\n<figure class=\"wp-block-image size-full is-resized\"><img loading=\"lazy\" decoding=\"async\" width=\"1208\" height=\"678\" class=\"wp-image-784\" src=\"https:\/\/informatik.slotshaven.it\/wordpress\/wp-content\/uploads\/2023\/12\/SFTP2b.png\" alt=\"\" srcset=\"https:\/\/informatik.slotshaven.it\/wordpress\/wp-content\/uploads\/2023\/12\/SFTP2b.png 1208w, https:\/\/informatik.slotshaven.it\/wordpress\/wp-content\/uploads\/2023\/12\/SFTP2b-300x168.png 300w, https:\/\/informatik.slotshaven.it\/wordpress\/wp-content\/uploads\/2023\/12\/SFTP2b-1024x575.png 1024w, https:\/\/informatik.slotshaven.it\/wordpress\/wp-content\/uploads\/2023\/12\/SFTP2b-768x431.png 768w\" sizes=\"auto, (max-width: 1208px) 100vw, 1208px\" \/><\/figure>\n<p><!-- \/wp:image --><\/p>\n<p><!-- wp:paragraph --><\/p>\n<p>M\u00e5ske kommer der et vindue som siger at &#8220;V\u00e6rten er i \u00f8jeblikket ukendt af systemet&#8221;. Det er fordi serverens certifikat er blevet fornyet &#8211; det skal man blot acceptere. Husk at s\u00e6tte hak forneden, s\u00e5 den ikke kommer og sp\u00f8rger igen.<\/p>\n<p><!-- \/wp:paragraph --><\/p>\n<p><!-- wp:image {\"id\":787,\"sizeSlug\":\"large\",\"linkDestination\":\"none\"} --><\/p>\n<figure class=\"wp-block-image size-large\"><img loading=\"lazy\" decoding=\"async\" width=\"1024\" height=\"609\" class=\"wp-image-787\" src=\"https:\/\/informatik.slotshaven.it\/wordpress\/wp-content\/uploads\/2023\/12\/SFTP2c-1-1024x609.png\" alt=\"\" srcset=\"https:\/\/informatik.slotshaven.it\/wordpress\/wp-content\/uploads\/2023\/12\/SFTP2c-1-1024x609.png 1024w, https:\/\/informatik.slotshaven.it\/wordpress\/wp-content\/uploads\/2023\/12\/SFTP2c-1-300x178.png 300w, https:\/\/informatik.slotshaven.it\/wordpress\/wp-content\/uploads\/2023\/12\/SFTP2c-1-768x456.png 768w, https:\/\/informatik.slotshaven.it\/wordpress\/wp-content\/uploads\/2023\/12\/SFTP2c-1.png 1134w\" sizes=\"auto, (max-width: 1024px) 100vw, 1024px\" \/><\/figure>\n<p><!-- \/wp:image --><\/p>\n<p><!-- wp:paragraph --><\/p>\n<p>Herefter b\u00f8r man kunne se de filer, der ligger p\u00e5 serveren, og man kan l\u00e6gge nye op eller fjerne filer og mapper, der ikke l\u00e6ngere er aktuelle. \u00d8verst i vinduet kan man se brugernavn@server-URL, samt at det er SFTP-protokollen, der anvendes.<\/p>\n<p><!-- \/wp:paragraph --><\/p>\n<p><!-- wp:image {\"id\":789,\"sizeSlug\":\"large\",\"linkDestination\":\"none\"} --><\/p>\n<figure class=\"wp-block-image size-large\"><img loading=\"lazy\" decoding=\"async\" width=\"1024\" height=\"609\" class=\"wp-image-789\" src=\"https:\/\/informatik.slotshaven.it\/wordpress\/wp-content\/uploads\/2023\/12\/SFTP3-1-1024x609.png\" alt=\"\" srcset=\"https:\/\/informatik.slotshaven.it\/wordpress\/wp-content\/uploads\/2023\/12\/SFTP3-1-1024x609.png 1024w, https:\/\/informatik.slotshaven.it\/wordpress\/wp-content\/uploads\/2023\/12\/SFTP3-1-300x178.png 300w, https:\/\/informatik.slotshaven.it\/wordpress\/wp-content\/uploads\/2023\/12\/SFTP3-1-768x457.png 768w, https:\/\/informatik.slotshaven.it\/wordpress\/wp-content\/uploads\/2023\/12\/SFTP3-1.png 1130w\" sizes=\"auto, (max-width: 1024px) 100vw, 1024px\" \/><\/figure>\n<p><!-- \/wp:image --><\/p>\n<p><!-- wp:paragraph --><\/p>\n<p>Til en start er mappen &#8220;wordpress&#8221; det eneste indhold p\u00e5 dit website. Den indeholder din wordpress blog, og <strong>den skal du IKKE pille ved!<\/strong><\/p>\n<p><!-- \/wp:paragraph --><\/p>\n<p><!-- wp:paragraph --><\/p>\n<p>For at l\u00e6gge nye filer op p\u00e5 serveren skal du vide hvor du finder dem p\u00e5 din egen computer. Brug Windows Stifinder (eller Mac\u2019ens Finder) og find den mappe, du vil uploade. S\u00f8rg for, at alle de filer, du vil have med, rent faktisk ligger i mappen: HTML-filer, billeder, stylesheets, scripts etc. Det duer ikke, hvis man fx har indsat billeder i det man har lavet, som ligger i mappen \u201cBilleder\u201d eller mappen \u201cOverf\u00f8rsler\u201d.<\/p>\n<p><!-- \/wp:paragraph --><\/p>\n<p><!-- wp:image {\"id\":790,\"sizeSlug\":\"full\",\"linkDestination\":\"none\",\"className\":\"is-resized\"} --><\/p>\n<figure class=\"wp-block-image size-full is-resized\"><img loading=\"lazy\" decoding=\"async\" width=\"1451\" height=\"758\" class=\"wp-image-790\" src=\"https:\/\/informatik.slotshaven.it\/wordpress\/wp-content\/uploads\/2023\/12\/FilUpload1.png\" alt=\"\" srcset=\"https:\/\/informatik.slotshaven.it\/wordpress\/wp-content\/uploads\/2023\/12\/FilUpload1.png 1451w, https:\/\/informatik.slotshaven.it\/wordpress\/wp-content\/uploads\/2023\/12\/FilUpload1-300x157.png 300w, https:\/\/informatik.slotshaven.it\/wordpress\/wp-content\/uploads\/2023\/12\/FilUpload1-1024x535.png 1024w, https:\/\/informatik.slotshaven.it\/wordpress\/wp-content\/uploads\/2023\/12\/FilUpload1-768x401.png 768w\" sizes=\"auto, (max-width: 1451px) 100vw, 1451px\" \/><\/figure>\n<p><!-- \/wp:image --><\/p>\n<p><!-- wp:paragraph --><\/p>\n<p>N\u00e5r mappen er fundet, s\u00f8rger man ganske simpelt for at b\u00e5de Cyberduck og Stifinder kan ses samtidig, og s\u00e5 tr\u00e6kker man hele mappens indhold &#8211; eller bare selve mappen &#8211; over fra Stifinder og slipper den i Cyberduck-vinduet. Det ENESTE, man lige skal holde \u00f8je med, er at man ikke kommer til at l\u00e6gge filerne eller mappen ind i en anden mappe, som allerede ligger p\u00e5 serveren \u2013 fx mappen med wordpress. Det kan nemt ske, men det er som regel ikke meningen, og n\u00e5r man skal til at rette fejlen kommer man nemt til at lave flere ulykker. Ctrl-Z virker IKKE her, his man er kommet til at overskrive noget!<\/p>\n<p><!-- \/wp:paragraph --><\/p>\n<p><!-- wp:image {\"id\":792,\"sizeSlug\":\"large\",\"linkDestination\":\"none\",\"className\":\"is-resized\"} --><\/p>\n<figure class=\"wp-block-image size-large is-resized\"><img loading=\"lazy\" decoding=\"async\" width=\"1024\" height=\"494\" class=\"wp-image-792\" src=\"https:\/\/informatik.slotshaven.it\/wordpress\/wp-content\/uploads\/2023\/12\/FilUpload3-1024x494.png\" alt=\"\" srcset=\"https:\/\/informatik.slotshaven.it\/wordpress\/wp-content\/uploads\/2023\/12\/FilUpload3-1024x494.png 1024w, https:\/\/informatik.slotshaven.it\/wordpress\/wp-content\/uploads\/2023\/12\/FilUpload3-300x145.png 300w, https:\/\/informatik.slotshaven.it\/wordpress\/wp-content\/uploads\/2023\/12\/FilUpload3-768x371.png 768w, https:\/\/informatik.slotshaven.it\/wordpress\/wp-content\/uploads\/2023\/12\/FilUpload3.png 1448w\" sizes=\"auto, (max-width: 1024px) 100vw, 1024px\" \/><\/figure>\n<p><!-- \/wp:image --><\/p>\n<p><!-- wp:paragraph --><\/p>\n<p>Herefter \u00e5bner et vindue, hvor man kan f\u00f8lge fremgangen i upload\u2019en, og n\u00e5r filerne er p\u00e5 plads, dukker de op p\u00e5 oversigten over filer p\u00e5 serveren. Vinduet \u201cOverf\u00f8rsler\u201d (\u201cTransfers\u201d) kan man blot lukke igen. Man kan se de nye filer og mapper i Cyberduck vinduet, og hvis man n\u00e6rl\u00e6ser filernes datostempler b\u00f8r man kunne se hvorn\u00e5r de senest er rettet. Det kan v\u00e6re ganske nyttigt.<\/p>\n<p><!-- \/wp:paragraph --><\/p>\n<p><!-- wp:image {\"id\":791,\"sizeSlug\":\"large\",\"linkDestination\":\"none\",\"className\":\"is-resized\"} --><\/p>\n<figure class=\"wp-block-image size-large is-resized\"><img loading=\"lazy\" decoding=\"async\" width=\"1024\" height=\"609\" class=\"wp-image-791\" src=\"https:\/\/informatik.slotshaven.it\/wordpress\/wp-content\/uploads\/2023\/12\/FilUpload2-1024x609.png\" alt=\"\" srcset=\"https:\/\/informatik.slotshaven.it\/wordpress\/wp-content\/uploads\/2023\/12\/FilUpload2-1024x609.png 1024w, https:\/\/informatik.slotshaven.it\/wordpress\/wp-content\/uploads\/2023\/12\/FilUpload2-300x178.png 300w, https:\/\/informatik.slotshaven.it\/wordpress\/wp-content\/uploads\/2023\/12\/FilUpload2-768x457.png 768w, https:\/\/informatik.slotshaven.it\/wordpress\/wp-content\/uploads\/2023\/12\/FilUpload2.png 1132w\" sizes=\"auto, (max-width: 1024px) 100vw, 1024px\" \/><\/figure>\n<p><!-- \/wp:image --><\/p>\n<p><!-- wp:paragraph --><\/p>\n<p>S\u00e5 er man f\u00e6rdig, og de nye filer (evt. i en ny mappe) kan ses i en browser af alle der kender den rigtige URL \u2013 fx. hvis man linker til dem i sin blog, eller l\u00e6gger dem ind som en iframe i bloggen. Eller bare deler et link med venner og familie.<\/p>\n<p><!-- \/wp:paragraph --><\/p>\n<p><!-- wp:image {\"id\":794,\"sizeSlug\":\"large\",\"linkDestination\":\"custom\"} --><\/p>\n<figure class=\"wp-block-image size-large\"><a href=\"https:\/\/y22-laererlund.slotshaven.it\/\"><img loading=\"lazy\" decoding=\"async\" width=\"1024\" height=\"620\" class=\"wp-image-794\" src=\"https:\/\/informatik.slotshaven.it\/wordpress\/wp-content\/uploads\/2023\/12\/FilUpload4-1024x620.png\" alt=\"\" srcset=\"https:\/\/informatik.slotshaven.it\/wordpress\/wp-content\/uploads\/2023\/12\/FilUpload4-1024x620.png 1024w, https:\/\/informatik.slotshaven.it\/wordpress\/wp-content\/uploads\/2023\/12\/FilUpload4-300x182.png 300w, https:\/\/informatik.slotshaven.it\/wordpress\/wp-content\/uploads\/2023\/12\/FilUpload4-768x465.png 768w, https:\/\/informatik.slotshaven.it\/wordpress\/wp-content\/uploads\/2023\/12\/FilUpload4.png 1357w\" sizes=\"auto, (max-width: 1024px) 100vw, 1024px\" \/><\/a><\/figure>\n<p><!-- \/wp:image --><\/p>\n<p><!-- wp:html --><\/p>\n<p><iframe loading=\"lazy\" src=\"https:\/\/y22-laererlund.slotshaven.it\/\" width=\"794px\" height=\"600px\"><\/iframe><\/p>\n<p><!-- \/wp:html --><\/p>\n<p><!-- wp:paragraph --><\/p>\n<p>Og det g\u00e5r faktisk hurtigere end at handle i Fakta\u2026.<\/p>\n<p><!-- \/wp:paragraph --><\/p>","protected":false},"excerpt":{"rendered":"<p>18. december 2023 Af Erik Lund Her p\u00e5 skolen har hver elev en webserver. Serverens URL er i reglen noget i stil med y20-elevnavn.slotshaven.it, hvor y er klasse-betegnelsen og 20 er det \u00e5r man er begyndt p\u00e5 Slottet eller OG. For at l\u00e6gge filer op p\u00e5 serveren, s\u00e5 de kan ses af andre gennem en&hellip; <a class=\"more-link\" href=\"https:\/\/informatik.slotshaven.it\/wordpress\/upload-af-filer-til-en-webserver\/\">L\u00e6s mere <span class=\"screen-reader-text\">Upload af filer til en webserver<\/span><\/a><\/p>\n","protected":false},"author":1,"featured_media":0,"parent":0,"menu_order":0,"comment_status":"closed","ping_status":"closed","template":"","meta":{"footnotes":""},"class_list":["post-110","page","type-page","status-publish","hentry","entry"],"_links":{"self":[{"href":"https:\/\/informatik.slotshaven.it\/wordpress\/wp-json\/wp\/v2\/pages\/110","targetHints":{"allow":["GET"]}}],"collection":[{"href":"https:\/\/informatik.slotshaven.it\/wordpress\/wp-json\/wp\/v2\/pages"}],"about":[{"href":"https:\/\/informatik.slotshaven.it\/wordpress\/wp-json\/wp\/v2\/types\/page"}],"author":[{"embeddable":true,"href":"https:\/\/informatik.slotshaven.it\/wordpress\/wp-json\/wp\/v2\/users\/1"}],"replies":[{"embeddable":true,"href":"https:\/\/informatik.slotshaven.it\/wordpress\/wp-json\/wp\/v2\/comments?post=110"}],"version-history":[{"count":41,"href":"https:\/\/informatik.slotshaven.it\/wordpress\/wp-json\/wp\/v2\/pages\/110\/revisions"}],"predecessor-version":[{"id":817,"href":"https:\/\/informatik.slotshaven.it\/wordpress\/wp-json\/wp\/v2\/pages\/110\/revisions\/817"}],"wp:attachment":[{"href":"https:\/\/informatik.slotshaven.it\/wordpress\/wp-json\/wp\/v2\/media?parent=110"}],"curies":[{"name":"wp","href":"https:\/\/api.w.org\/{rel}","templated":true}]}}